thousands digit of 32157540?
1
What is the ten thousands digit of 51835336?
3
What is the ten thousands digit of 217862475?
6
What is the thousands digit of 354330847?
0
What is the hundreds digit of 105781654?
6
What is the tens digit of 4108755015?
1
What is the millions digit of 27427205?
7
What is the units digit of 1775367322?
2
What is the hundred thousands digit of 196816560?
8
What is the hundred thousands digit of 876771840?
7
What is the tens digit of 88773307?
0
What is the ten thousands digit of 1481672449?
7
What is the units digit of 85436586?
6
What is the ten millions digit of 661790141?
6
What is the hundred millions digit of 3360819338?
3
What is the hundred thousands digit of 2327878427?
8
What is the ten thousands digit of 84581910?
8
What is the hundred millions digit of 3713482839?
7
What is the millions digit of 136440355?
6
What is the ten millions digit of 15420700?
1
What is the ten millions digit of 30268699?
3
What is the millions digit of 154414948?
4
What is the ten millions digit of 47446526?
4
What is the ten millions digit of 2756996261?
5
What is the thousands digit of 99167448?
7
What is the hundred millions digit of 2498207634?
4
What is the hundreds digit of 24064928?
9
What is the units digit of 45792668?
8
What is the ten millions digit of 23690140?
2
What is the hundreds digit of 10992785?
7
What is the hundred millions digit of 8108655019?
1
What is the tens digit of 1510077704?
0
What is the hundred thousands digit of 18300294?
3
What is the tens digit of 45364240?
4
What is the hundred millions digit of 482930746?
4
What is the tens digit of 4032038831?
3
What is the units digit of 2832285?
5
What is the tens digit of 353720129?
2
What is the hundred millions digit of 376372709?
3
What is the hundreds digit of 1371800839?
8
What is the thousands digit of 288936225?
6
What is the ten thousands digit of 415109558?
0
What is the hundred thousands digit of 94872143?
8
What is the ten millions digit of 18576831?
1
What is the hundreds digit of 18441070?
0
What is the ten millions digit of 793066009?
9
What is the millions digit of 88804132?
8
What is the units digit of 931096993?
3
What is the thousands digit of 1576722626?
2
What is the tens digit of 105895272?
7
What is the millions digit of 1786055584?
6
What is the hundred millions digit of 706194775?
7
What is the thousands digit of 1291740288?
0
What is the units digit of 374727562?
2
What is the millions digit of 139741463?
9
What is the ten thousands digit of 618977570?
7
What is the millions digit of 244809652?
4
What is the ten millions digit of 15750114?
1
What is the ten thousands digit of 27454445?
5
What is the billions digit of 2804389170?
2
What is the ten millions digit of 469236365?
6
What is the ten millions digit of 17500640?
1
What is the billions digit of 4337341614?
4
What is the tens digit of 806965566?
6
What is the ten millions digit of 545257614?
4
What is the ten thousands digit of 22910119?
1
What is the thousands digit of 127127599?
7
What is the hundreds digit of 210307513?
5
What is the thousands digit of 32263994?
3
What is the hundred thousands digit of 887072461?
0
What is the units digit of 572163158?
8
What is the hundred thousands digit of 5415393459?
3
What is the billions digit of 3222410852?
3
What is the units digit of 4427286216?
6
What is the hundred millions digit of 3534075341?
5
What is the hundred thousands digit of 48019330?
0
What is the ten thousands digit of 69108083?
0
What is the millions digit of 12675904?
2
What is the hundred millions digit of 242347644?
2
What is the hundred thousands digit of 138430005?
4
What is the tens digit of 80597752?
5
What is the ten thousands digit of 31986767?
8
What is the hundred millions digit of 3794164099?
7
What is the billions digit of 2061808753?
2
What is the thousands digit of 108214742?
4
What is the ten thousands digit of 276533019?
3
What is the ten thousands digit of 223988123?
8
What is the hundred thousands digit of 4830728980?
7
What is the tens digit of 334642204?
0
What is the millions digit of 6634554846?
4
What is the units digit of 20650111?
1
What is the hundred millions digit of 1963847674?
9
What is the hundred thousands digit of 93069057?
0
What is the ten thousands digit of 1002688276?
8
What is the thousands digit of 162305276?
5
What is the tens digit of 3285310525?
2
What is the thousands digit of 6418398219?
8
What is the thousands digit of 197932109?
2
What is the hundred millions digit of 301958687?
3
What is the units digit of 18937764?
4
What is the thousands digit of 30554127?
4
What is the ten thousands digit of 72365438?
6
What is the thousands digit of 12733377?
3
What is the ten millions digit of 61649118?
6
What is the units digit of 1053876842?
2
What is the ten thousands digit of 66557661?
5
What is the ten millions digit of 39015280?
3
What is the millions digit of 1158227621?
8
What is the hundred millions digit of 369238316?
3
What is the hundred thousands digit of 188014014?
0
What is the ten thousands digit of 2889072048?
7
What is the tens digit of 6696920790?
9
What is the hundred thousands digit of 817068459?
0
What is the ten millions digit of 3136471860?
3
What is the millions digit of 339321121?
9
What is the hundreds digit of 5877023?
0
What is the ten millions digit of 2140715188?
4
What is the thousands digit of 989757453?
7
What is the hundreds digit of 170480782?
7
What is the hundreds digit of 3090318?
3
What is the ten thousands digit of 210259037?
5
What is the ten thousands digit of 497454521?
5
What is the hundred thousands digit of 139750305?
7
What is the hundred millions digit of 619719943?
6
What is the hundred thousands digit of 52932817?
9
What is the hundreds digit of 1260525081?
0
What is the tens digit of 1627894691?
9
What is the ten thousands digit of 97736854?
3
What is the tens digit of 33549851?
5
What is the millions digit of 47228660?
7
What is the tens digit of 51478743?
4
What is the units digit of 90302809?
9
What is the millions digit of 390044114?
0
What is the tens digit of 1331362095?
9
What is the thousands digit of 8062518?
2
What is the millions digit of 13116819?
3
What is the tens digit of 4565596559?
5
What is the ten millions digit of 2802076842?
0
What is the units digit of 327734256?
6
What is the ten thousands digit of 802697898?
9
What is the ten millions digit of 59245029?
5
What is the hundred thousands digit of 791574899?
5
What is the units digit of 53206593?
3
What is the hundred thousands digit of 21522959?
5
What is the millions digit of 33207709?
3
What is the hundred thousands digit of 43329134?
3
What is the thousands digit of 7199038?
9
What is the hundred thousands digit of 32317436?
3
What is the ten thousands digit of 149827324?
2
What is the ten thousands digit of 427112511?
1
What is the ten thousands digit of 6332491?
3
What is the tens digit of 5273564?
6
What is the hundred thousands digit of 1836470232?
4
What is the hundred thousands digit of 33384560?
3
What is the ten millions digit of 313571126?
1
What is the hundred thousands digit of 35856957?
8
What is the ten millions digit of 90165652?
9
What is the hundreds digit of 116750357?
3
What is the millions digit of 319383555?
9
What is the units digit of 387872142?
2
What is the millions digit of 41970757?
1
What is the ten millions digit of 1093622011?
9
What is the thousands digit of 4634595189?
5
What is the tens digit of 3920612663?
6
What is the hundred millions digit of 1723189840?
7
What is the millions digit of 1663426149?
3
What is the thousands digit of 229623739?
3
What is the tens digit of 3675623?
2
What is the units digit of 105751903?
3
What is the units digit of 56899053?
3
What is the millions digit of 34680715?
4
What is the ten thousands digit of 300075400?
7
What is the hundreds digit of 51132577?
5
What is the thousands digit of 166389900?
9
What is the thousands digit of 1757767395?
7
What is the tens digit of 425646704?
0
What is the hundreds digit of 1448117704?
7
What is the tens digit of 890598155?
5
What is the hundred thousands digit of 197823070?
8
What is the thousands digit of 816615644?
5
What is the billions digit of 2060545471?
2
What is the hundreds digit of 21526